{"id":2,"date":"2016-05-10T03:48:21","date_gmt":"2016-05-10T03:48:21","guid":{"rendered":"http:\/\/urbanicom.de\/?page_id=2"},"modified":"2019-12-23T15:24:22","modified_gmt":"2019-12-23T15:24:22","slug":"sample-page","status":"publish","type":"page","link":"https:\/\/urbanicom.de\/?page_id=2","title":{"rendered":"\u00dcber uns"},"content":{"rendered":"<blockquote><p>urbanicom hat sich die F\u00f6rderung von Urbanit\u00e4t, Nutzungsvielfalt und Lebendigkeit der st\u00e4dtischen Zentren zum Ziel gesetzt. Der Name urbanicom steht f\u00fcr die Verbindung von Urbanit\u00e4t und Kommerz. Wir beteiligen uns aktiv an der Entwicklung zukunftsorientierter Konzepte.<\/p>\n<p><a href=\"http:\/\/urbanicom.de\/?page_id=24\">&gt; Wer ist urbanicom?<\/a><\/p>\n<p><a href=\"http:\/\/urbanicom.de\/?page_id=32\">&gt; Unsere Ziele<\/a><\/p>\n<p><a href=\"http:\/\/urbanicom.de\/?page_id=34\">&gt; Vorstand<\/a><\/p>\n<p><a href=\"http:\/\/urbanicom.de\/?page_id=36\">&gt; Gesch\u00e4ftsf\u00fchrung<\/a><\/p>\n<p><a href=\"http:\/\/urbanicom.de\/?page_id=38\">&gt; Satzung<\/a><\/p><\/blockquote>\n","protected":false},"excerpt":{"rendered":"<p>urbanicom hat sich die F\u00f6rderung von Urbanit\u00e4t, Nutzungsvielfalt und Lebendigkeit der st\u00e4dtischen Zentren zum Ziel gesetzt. Der Name urbanicom steht f\u00fcr die Verbindung von Urbanit\u00e4t und Kommerz. Wir beteiligen uns aktiv an der Entwicklung zukunftsorientierter Konzepte. &gt; Wer ist urbanicom? &hellip; <a href=\"https:\/\/urbanicom.de\/?page_id=2\">Weiterlesen <span class=\"meta-nav\">&rarr;<\/span><\/a><\/p>\n","protected":false},"author":1,"featured_media":0,"parent":0,"menu_order":0,"comment_status":"closed","ping_status":"open","template":"","meta":{"footnotes":""},"class_list":["post-2","page","type-page","status-publish","hentry"],"_links":{"self":[{"href":"https:\/\/urbanicom.de\/index.php?rest_route=\/wp\/v2\/pages\/2"}],"collection":[{"href":"https:\/\/urbanicom.de\/index.php?rest_route=\/wp\/v2\/pages"}],"about":[{"href":"https:\/\/urbanicom.de\/index.php?rest_route=\/wp\/v2\/types\/page"}],"author":[{"embeddable":true,"href":"https:\/\/urbanicom.de\/index.php?rest_route=\/wp\/v2\/users\/1"}],"replies":[{"embeddable":true,"href":"https:\/\/urbanicom.de\/index.php?rest_route=%2Fwp%2Fv2%2Fcomments&post=2"}],"version-history":[{"count":4,"href":"https:\/\/urbanicom.de\/index.php?rest_route=\/wp\/v2\/pages\/2\/revisions"}],"predecessor-version":[{"id":146,"href":"https:\/\/urbanicom.de\/index.php?rest_route=\/wp\/v2\/pages\/2\/revisions\/146"}],"wp:attachment":[{"href":"https:\/\/urbanicom.de\/index.php?rest_route=%2Fwp%2Fv2%2Fmedia&parent=2"}],"curies":[{"name":"wp","href":"https:\/\/api.w.org\/{rel}","templated":true}]}}

Über uns

<blockquote><p>urbanicom hat sich die Förderung von Urbanität, Nutzungsvielfalt und Lebendigkeit der städtischen Zentren zum Ziel gesetzt. Der Name urbanicom steht für die Verbindung von Urbanität und Kommerz. Wir beteiligen uns aktiv an der Entwicklung zukunftsorientierter Konzepte.</p>
<p><a href="http://urbanicom.de/?page_id=24">&gt; Wer ist urbanicom?</a></p>
<p><a href="http://urbanicom.de/?page_id=32">&gt; Unsere Ziele</a></p>
<p><a href="http://urbanicom.de/?page_id=34">&gt; Vorstand</a></p>
<p><a href="http://urbanicom.de/?page_id=36">&gt; Geschäftsführung</a></p>
<p><a href="http://urbanicom.de/?page_id=38">&gt; Satzung</a></p></blockquote>

<p>urbanicom hat sich die Förderung von Urbanität, Nutzungsvielfalt und Lebendigkeit der städtischen Zentren zum Ziel gesetzt. Der Name urbanicom steht für die Verbindung von Urbanität und Kommerz. Wir beteiligen uns aktiv an der Entwicklung zukunftsorientierter Konzepte. &gt; Wer ist urbanicom? &hellip; <a href="https://urbanicom.de/?page_id=2">Weiterlesen <span class="meta-nav">&rarr;</span></a></p>
